i - 2*s + 34. What is the remainder when 38 is divided by i?
17
Suppose -2*a + 25 = -a. What is the remainder when 72 is divided by a?
22
Let i(x) = x**3 + 5*x**2 - 8*x - 7. Let y be i(-6). Suppose 12 = 3*r - 5*t, -2*r + 0*r + y*t = -13. What is the remainder when 126/4 + r/2 is divided by 16?
15
Let y be (-1)/(3/24*-2). Let f be 7*18/(y/2). Let l = -6 + f. Calculate the remainder when l is divided by 15.
12
What is the remainder when 146 is divided by 1150/30 - 4/3?
35
Let d(l) = -5*l + 0*l - 3*l + 5*l + l**2 - 2. Let h be d(3). What is the remainder when 45 is divided by (-33)/h + (-7)/14?
13
Suppose -14*g + 22*g - 112 = 0. Calculate the remainder when 151 is divided by g.
11
Let i = 75 - 50. What is the remainder when i is divided by 7?
4
Let k = -410 + 575. What is the remainder when k is divided by 34?
29
Let c(m) = m**3. Let u(z) = 4*z**3 - 4*z**2 - z. Let k(y) = 3*c(y) - u(y). What is the remainder when 22 is divided by k(3)?
10
Let i be 0/((-6)/9*-3). Suppose i*t = -5*t + 895. Suppose 183 = 5*f + 2*k - 58, 0 = 4*f - 3*k - t. What is the remainder when f is divided by 16?
15
Suppose 3*b = -b. Suppose b = -f + 6*f - 55. Suppose -4*d = 2*n - 16, -d + 2*d + n = 2. What is the remainder when f is divided by d?
5
Let d = -22 - -38. Suppose 9 + 36 = 5*y. Calculate the remainder when d is divided by y.
7
Let a(g) = 5*g - 1. Let l be a(6). Suppose -2*h = -53 - l. Suppose 5*t - 75 + 5 = 0. Calculate the remainder when h is divided by t.
13
Let o = -47 + 70. Suppose 0 = -2*u + 5*u - 12. Suppose a - 40 = -u*a. What is the remainder when o is divided by a?
7
Suppose 0 = -3*s - 2*s + 15. Let d be (2/2)/(7/28). Suppose 5*k + 5 = -4*l - d, -2*k = s*l - 2. What is the remainder when 5 is divided by l?
1
Let v(s) = 12 + 1 + 0*s - 4*s. What is the remainder when v(-8) is divided by 23?
22
Let o(a) be the second derivative of -2*a**3/3 + 4*a. What is the remainder when 39 is divided by o(-5)?
19
Suppose 0 = -3*r - r, -r = 3*d - 6. Let b(y) = 1 + 3*y**d + 10*y**2 + 13*y**2 - y. Calculate the remainder when b(1) is divided by 9.
8
Let d = -36 + 103. What is the remainder when d is divided by 23?
21
Let j(a) = -a**3 + 10*a**2 - 12*a. What is the remainder when j(8) is divided by 11?
10
Let i(z) = -z**2 - 6*z - 4. Let q be i(-4). Suppose -y = q*y - 20. Calculate the remainder when y is divided by 3.
1
Calculate the remainder when -2 + 5*(5 + 2) is divided by 18.
15
Suppose 25 = 4*o - 23. What is the remainder when 21 is divided by o?
9
Let n(q) = -32*q - 1. Let c be (-2 - (-2 + -1))*-1. What is the remainder when n(c) is divided by 8?
7
Let l = -36 + 78. Calculate the remainder when l is divided by 22.
20
Suppose 11*c = 100 + 230. Calculate the remainder when 88 is divided by c.
28
Suppose -16 = z - 159. Suppose 0 = 3*v - z - 16. Let x = 13 + 5. What is the remainder when v is divided by x?
17
Let y be (-2 + 14)/((-3)/(-4)). Suppose -4*d = -w - 2*w + 28, 2*w = 4*d + y. Calculate the remainder when w is divided by 5.
2
Suppose -2*x = 3*x - 10. Suppose -4*u + 2 = 22, -100 = -3*p + x*u. Suppose -6*y + p = -y. What is the remainder when 16 is divided by y?
4
Let n = -1 + 50. Calculate the remainder when n is divided by 25.
24
Let d(f) = f**2 - 3*f - 4. Let l be d(4). Let m = 35 - 21. What is the remainder when m is divided by -5*1*(l + -1)?
4
Let s(i) = i**3 + 9*i**2 - 11*i - 4. Suppose 2*f - 30 + 98 = 0. Let v = f - -50. Calculate the remainder when v is divided by s(-10).
4
What is the remainder when 38 + (0 - 1 - -2) is divided by 3 - ((-2)/(-9) - 1212/108)?
11
Let h(n) = 2*n**2 - n - 3. Let a = -26 + 54. Let b = a + 41. Calculate the remainder when b is divided by h(-3).
15
Let j = 29 - -12. Calculate the remainder when j is divided by (-184)/(-13) + (-8)/52.
13
Let t(g) = 32*g + 2. Calculate the remainder when 67 is divided by t(1).
33
Suppose 160 = 8*a - 4*a + 2*t, 3*a = 2*t + 120. What is the remainder when 119 is divided by a?
39
Suppose 8 = 2*y - 4*y. Calculate the remainder when ((-34)/y)/((-2)/(-4)) is divided by 10.
7
Let v be 8/((-3 - -1) + 4). Let h(j) = j**3 + j**2 - 2*j**2 + 0*j**3 - 3 - 3*j. What is the remainder when h(v) is divided by 17?
16
Suppose -30 = 3*r - 6*r. Suppose 13 = -2*q + 5*q + 4*t, -3*t = 2*q - r. What is the remainder when (10 + q)/(3/9) is divided by 14?
13
Suppose 0 = n - 2*n - 1. Let k = -3 - n. Calculate the remainder when 47 is divided by 2 + 1 + k + 15.
15
Let f = 25 + -15. Suppose 2*l = k + k - 10, 2*k - 5*l = 4. What is the remainder when k is divided by (12/f)/((-4)/(-10))?
1
Suppose 0 = 2*c + 10 - 38. Suppose -2*t = -c + 2. What is the remainder when 21 is divided by t?
3
Let h = -214 - -309. Calculate the remainder when h is divided by 25.
20
Let m = -35 + 45. Calculate the remainder when 17 is divided by m.
7
Suppose 3*v + 22 = 5*v. Let p(o) = 2*o**3 - 2*o**2 - 2*o + 3. What is the remainder when v is divided by p(2)?
4
Let y be (-6)/(-21) - 88/14. Calculate the remainder when 67 is divided by ((-3)/y)/(2/68).
16
Let w = 11 + -7. Suppose -20 = w*j, 5*z = -j + 2*j + 220. What is the remainder when z is divided by 15?
13
Let w = -1 + 9. Let x = -5 - -27. Calculate the remainder when x is divided by w.
6
Let z be (-1 - 2 - -2) + 25. Let x = -11 + z. Let w(o) = -39*o - 1. Calculate the remainder when w(-1) is divided by x.
12
Let h = -64 + 90. Calculate the remainder when 50 is divided by h.
24
Let c = 29 - 2. What is the remainder when c is divided by 15?
12
Let y be 7892/(-28) - 1/7. Suppose 0 = -2*n + 3 + 3. Calculate the remainder when 36 is divided by n/15 - y/15.
17
Suppose 544 = 79*t - 71*t. Calculate the remainder when t is divided by 10.
8
Suppose -3*h - 2 = -2*g, 2*g = -2*h + 6 + 6. Suppose 14 = 5*c + g*b, 4 = -c + 5*c + 5*b. Suppose -t = -4*t + 9. Calculate the remainder when c is divided by t.
0
Let l = -14 - -27. Calculate the remainder when l is divided by 5.
3
Suppose -i + 5*i - 106 = 3*m, m = -2*i + 58. What is the remainder when i is divided by 8?
4
Suppose -2 = -a, a - 14 = -v - 0*a. Calculate the remainder when 1*-5*21/(-3) is divided by v.
11
Suppose -3*q - 5*f = 9 - 2, 4*f = -8. What is the remainder when q is divided by 1?
0
Suppose -2*t - 36 = 2*t. Let f be (-6)/t + (-10)/6. Let l(s) = -17*s - 1. What is the remainder when 47 is divided by l(f)?
15
Suppose 3 = -z + 1. Calculate the remainder when z/5 + (-314)/(-10) is divided by 16.
15
Suppose 15*y - 9*y = 162. Calculate the remainder when y is divided by 11.
5
Let z(g) = -3*g**2 + 2*g - g**3 + 13*g**2 - 5*g**2 + 3. Suppose -b + 24 = -13. Calculate the remainder when b is divided by z(5).
11
Suppose -4*o + 12 = 5*l, -5*l + 4*o - 6 - 6 = 0. Suppose l = 5*s - 60. Calculate the remainder when 45 is divided by s.
9
Suppose -3*k = 5*b - 4, -4*b + 5*b - 6 = 2*k. Let p be 2/(-5)*(3 - -2). What is the remainder when b is divided by p + 2 + 1 + 1?
0
Suppose 3*f - 65 - 4 = 0. Let r = -11 + 55. Calculate the remainder when r is divided by f.
21
Let h(q) = q**2 - 26*q + 38. Calculate the remainder when 20 is divided by h(25).
7
Let p = 11 - -112. What is the remainder when p is divided by 25?
23
What is the remainder when 6 is divided by (3 - 9/(-3))*(-6)/(-12)?
0
Let w(a) = -7*a**2 - a. Let q be w(1). Let l = 17 + q. What is the remainder when 26 is divided by l?
8
Suppose 3*u - 79 = -2*u + o, 5*o - 40 = -4*u. Suppose 4*r - 180 = -i, i = 2*r - i - 80. Calculate the remainder when r is divided by u.
14
Suppose 2*t + 8 = 6*t. Suppose -l + 5*l - 5*g = 13, 0 = t*l + 3*g - 1. Calculate the remainder when l is divided by 1.
0
Let y(s) = s**3 - 7*s**2 + s + 8. Let q be y(6). Let l = 47 + q. What is the remainder when l is divided by (-2 + 1 + -12)/(-1)?
12
Suppose -5*d + 47 = m - 0*m, -2*m = -2*d + 14. Let g be 14/3 - (-3)/d. Let h = 2 + g. Calculate the remainder when 11 is divided by h.
4
Suppose 0 = d - 59 - 41. Calculate the remainder when d is divided by 17.
15
Let a be -1 - 3/((-6)/(-34)). Let h = 63 + a. What is the remainder when h is divided by 16?
13
Let k(b) = 2*b - 1. Let m be k(-1). Let l = 23 - 11. What is the remainder when 44 is divided by 4/l - 44/m?
14
Let t = 40 + -21. Suppose 0 = -p + z, -4*p + 5 + 1 = -z. Suppose -p*n - 2*r = -120, -n + 3*r = 4*n - 268. Calculate the remainder when n is divided by t.
18
Suppose 3 = -4*w + w. Let x(q) = -19*